f 201?
True
Is 11 a factor of 3383?
False
Does 152 divide 31361?
False
Does 4 divide 133?
False
Is 34 a factor of 2788?
True
Is 1245 a multiple of 78?
False
Is 22 a factor of 59994?
True
Is 101 a factor of 1717?
True
Does 6 divide 2426?
False
Is 1560 a multiple of 21?
False
Does 12 divide 576?
True
Is 15 a factor of 30?
True
Is 19 a factor of 28234?
True
Is 60 a factor of 28920?
True
Is 155 a factor of 6732?
False
Is 168 a multiple of 7?
True
Is 98 a multiple of 9?
False
Is 11835 a multiple of 12?
False
Is 84 a factor of 57708?
True
Does 12 divide 180?
True
Is 56 a factor of 414?
False
Is 258 a multiple of 3?
True
Is 8 a factor of 13141?
False
Is 50328 a multiple of 216?
True
Is 33 a factor of 2285?
False
Is 1020 a multiple of 17?
True
Does 26 divide 134809?
False
Is 16 a factor of 3934?
False
Does 8 divide 1391?
False
Is 4 a factor of 1515?
False
Is 826 a multiple of 12?
False
Does 56 divide 26310?
False
Does 12 divide 852?
True
Does 4 divide 649?
False
Is 13 a factor of 3739?
False
Is 427 a multiple of 11?
False
Does 180 divide 40724?
False
Is 59 a factor of 4444?
False
Does 17 divide 29619?
False
Does 94 divide 33934?
True
Is 198 a multiple of 66?
True
Does 8 divide 5658?
False
Is 7 a factor of 4173?
False
Is 336 a multiple of 7?
True
Does 8 divide 186?
False
Does 3 divide 1580?
False
Is 7050 a multiple of 30?
True
Is 56226 a multiple of 77?
False
Is 1869 a multiple of 23?
False
Is 18 a factor of 9681?
False
Is 103255 a multiple of 49?
False
Does 30 divide 4890?
True
Does 19 divide 777?
False
Is 31 a factor of 26174?
False
Does 23 divide 3703?
True
Is 55 a factor of 25135?
True
Does 20 divide 1000?
True
Does 79 divide 5451?
True
Is 14 a factor of 39802?
True
Does 13 divide 16773?
False
Is 7 a factor of 443?
False
Is 177 a factor of 2478?
True
Is 33936 a multiple of 8?
True
Is 17 a factor of 12136?
False
Does 18 divide 3510?
True
Does 9 divide 31446?
True
Is 91 a factor of 5460?
True
Does 68 divide 37877?
False
Does 23 divide 644?
True
Is 12948 a multiple of 30?
False
Does 7 divide 14345?
False
Does 13 divide 858?
True
Does 31 divide 16041?
False
Does 23 divide 615?
False
Is 13 a factor of 3783?
True
Is 58600 a multiple of 100?
True
Is 64 a factor of 2180?
False
Does 25 divide 2025?
True
Does 10 divide 360?
True
Is 11 a factor of 264?
True
Is 4 a factor of 933?
False
Does 5 divide 377?
False
Is 5721 a multiple of 3?
True
Does 101 divide 17192?
False
Is 2 a factor of 8081?
False
Is 48 a multiple of 16?
True
Does 13 divide 852?
False
Is 49 a factor of 841?
False
Is 3486 a multiple of 83?
True
Does 103 divide 1909?
False
Is 281 a factor of 1405?
True
Is 2979 a multiple of 10?
False
Does 80 divide 29195?
False
Does 12 divide 1188?
True
Does 32 divide 20619?
False
Is 12 a factor of 49439?
False
Is 1402 a multiple of 29?
False
Does 21 divide 17031?
True
Is 6219 a multiple of 24?
False
Is 13 a factor of 1170?
True
Does 32 divide 2941?
False
Does 15 divide 2655?
True
Is 32 a factor of 52512?
True
Is 260 a multiple of 3?
False
Does 14 divide 80276?
True
Does 16 divide 33888?
True
Is 9 a factor of 1047?
False
Is 4017 a multiple of 39?
True
Is 555 a multiple of 12?
False
Does 15 divide 825?
True
Does 13 divide 13132?
False
Is 27 a factor of 50436?
True
Is 10 a factor of 5900?
True
Does 37 divide 29383?
False
Is 105 a factor of 1116?
False
Is 295 a multiple of 20?
False
Does 77 divide 2156?
True
Is 8 a factor of 4272?
True
Does 11 divide 308?
True
Is 44 a factor of 11259?
False
Is 5373 a multiple of 68?
False
Is 14 a factor of 308?
True
Is 4040 a multiple of 101?
True
Is 33 a factor of 37678?
False
Is 61614 a multiple of 18?
True
Is 30 a factor of 752?
False
Does 46 divide 19157?
False
Is 540 a multiple of 20?
True
Is 2721 a multiple of 38?
False
Is 53 a factor of 2968?
True
Is 18431 a multiple of 9?
False
Is 3219 a multiple of 46?
False
Does 36 divide 504?
True
Is 22058 a multiple of 296?
False
Is 8 a factor of 4528?
True
Does 30 divide 210?
True
Does 16 divide 48?
True
Does 9 divide 2007?
True
Does 30 divide 596?
False
Is 2174 a multiple of 2?
True
Does 205 divide 81887?
False
Is 24 a multiple of 3?
True
Does 11 divide 43?
False
Does 15 divide 8415?
True
Is 12192 a multiple of 6?
True
Is 51198 a multiple of 138?
True
Is 65 a factor of 25647?
False
Is 5 a factor of 4690?
True
Does 7 divide 228?
False
Does 3 divide 8939?
False
Is 23 a factor of 865?
False
Does 14 divide 1106?
True
Is 85 a multiple of 5?
True
Does 67 divide 4154?
True
Does 33 divide 9471?
True
Is 269 a factor of 5918?
True
Does 32 divide 6061?
False
Is 18 a factor of 1811?
False
Is 1673 a multiple of 12?
False
Does 12 divide 528?
True
Does 34 divide 3784?
False
Does 43 divide 4472?
True
Is 940 a multiple of 20?
True
Does 48 divide 16464?
True
Does 57 divide 943?
False
Is 3908 a multiple of 17?
False
Is 10 a factor of 6587?
False
Is 3808 a multiple of 68?
True
Does 6 divide 2010?
True
Is 1101 a multiple of 2?
False
Is 6 a factor of 9120?
True
Is 2 a factor of 4618?
True
Does 13 divide 884?
True
Is 34677 a multiple of 49?
False
Is 35 a factor of 350?
True
Is 33 a factor of 1219?
False
Does 14 divide 371?
False
Is 455 a multiple of 17?
False
Is 271 a factor of 38482?
True
Does 45 divide 21960?
True
Is 51 a factor of 1641?
False
Is 116 a multiple of 2?
True
Does 27 divide 148645?
False
Does 30 divide 960?
True
Is 73 a factor of 29492?
True
Is 16840 a multiple of 55?
False
Does 22 divide 946?
True
Does 124 divide 47510?
False
Does 15 divide 4919?
False
Is 12535 a multiple of 23?
True
Is 48 a multiple of 24?
True
Is 125 a multiple of 25?
True
Does 22 divide 550?
True
Does 56 divide 15491?
False
Is 22201 a multiple of 8?
False
Is 6913 a multiple of 223?
True
Is 206 a factor of 31518?
True
Does 10 divide 6185?
False
Is 31664 a multiple of 82?
False
Is 1893 a multiple of 23?
False
Is 26 a factor of 10759?
False
Is 24120 a multiple of 67?
True
Does 31 divide 54628?
False
Does 64 divide 75200?
True
Does 2 divide 879?
False
Is 971 a multiple of 6?
False
Is 49 a factor of 4826?
False
Is 221 a multiple of 20?
False
Is 591 a multiple of 2?
False
Is 21 a factor of 1609?
False
Is 8569 a multiple of 19?
True
Is 19708 a multiple of 18?
False
Does 31 divide 5560?
False
Is 10923 a multiple of 7?
False
Is 4 a factor of 13502?
False
Is 8535 a multiple of 15?
True
Does 38 divide 1396?
False
Is 22785 a multiple of 3?
True
Does 32 divide 1602?
False
Is 13 a factor of 22352?
False
Does 18 divide 810?
True
Is 4 a factor of 148?
True
Does 73 divide 34809?
False
Is 8 a factor of 1248?
True
Is 1308 a multiple of 18?
False
Is 2695 a multiple of 55?
True
Is 76 a factor of 7934?
False
Is 96 a factor of 24165?
False
Is 9 a factor of 3317?
False
Is 8 a factor of 2479?
False
Is 3 a factor of 2106?
True
Does 6 divide 12?
True
Is 6 a factor of 1440?
True
Does 130 divide 16823?
False
Is 10035 a multiple of 37?
False
Does 19 divide 2496?
False
Is 151 a factor of 2598?
False
Is 2197 a multiple of 13?
True
Is 4 a factor of 2704?
True
Is 9 a factor of 306?
True
Does 61 divide 21124?
False
Does 26 divide 4785?
False
Is 47 a factor of 15933?
True
Is 14 a factor of 156?
False
Is 2486 a multiple of 29?
False
Is 11310 a multiple of 87?
True
Does 15 divide 1367?
False
Is 18 a factor of 3292?
False
Is 112 a factor of 19987?
False
Is 23 even?
False
Is 7300 a multiple of 50?
True
Does 15 divide 2415?
True
Is 27 a factor of 804?
False
Is 50 a factor of 850?
True
Is 35 a factor of 1470?
True
Does 92 divide 10787?
False
Is 17 a factor of 991?
False
Is 7530 a multiple of 39?
False
Is 4 a factor of 697?
False
Is 37 a factor of 36556?
True
Is 22 a factor of 3432?
True
Is 1076 a multiple of 19?
False
Is 46568 a multiple of 19?
False
Is 928 a multiple of 4?
True
Is 16 a factor of 1652?
False
Is 105879 a multiple of 197?
False
Does 33 divide 231?
True
Is 20538 a multiple of 126?
True
Is 28 a factor of 728?
True
Is 361 a multiple of 11?
False
Does 48 divide 22656?
True
Is 764 a multiple of 4?
True
Is 1617 a multiple of 13?
False
Is 14 a factor of 24836?
True
Is 16 a factor of 1180?
False
Does 27 divide 27178?
False
Does 10 divide 9691?
False
Does 57 divide 2280?
True
Is 10 a factor of 1366?
False
Is 12010 a multiple of 21?
False
Is 1526 a multiple of 63?
False
Is 47076 a multiple of 16?
False
Is 12 a factor of 1296?
True
Is 4392 a multiple of 2